f 1785629792?
5
What is the hundred thousands digit of 160459905?
4
What is the hundreds digit of 563301112?
1
What is the tens digit of 10114977?
7
What is the hundred millions digit of 1099877067?
0
What is the millions digit of 27969871?
7
What is the hundreds digit of 944443593?
5
What is the hundred thousands digit of 231907509?
9
What is the units digit of 4964285250?
0
What is the hundreds digit of 310098347?
3
What is the millions digit of 57956248?
7
What is the units digit of 181333297?
7
What is the hundreds digit of 24222619?
6
What is the hundreds digit of 8728870?
8
What is the hundreds digit of 1715655479?
4
What is the thousands digit of 908468997?
8
What is the hundred thousands digit of 560572283?
5
What is the thousands digit of 958554829?
4
What is the thousands digit of 23431562?
1
What is the hundred millions digit of 404151984?
4
What is the millions digit of 247735653?
7
What is the hundred thousands digit of 1790214642?
2
What is the ten thousands digit of 8091094?
9
What is the ten millions digit of 1963670867?
6
What is the billions digit of 2224069967?
2
What is the ten thousands digit of 6155827873?
2
What is the hundred thousands digit of 2386889370?
8
What is the ten thousands digit of 2516756?
1
What is the hundred millions digit of 451470775?
4
What is the ten thousands digit of 2483521280?
2
What is the hundreds digit of 166646028?
0
What is the units digit of 253986221?
1
What is the ten millions digit of 32008634?
3
What is the tens digit of 214926374?
7
What is the millions digit of 1183142?
1
What is the tens digit of 663547716?
1
What is the tens digit of 7470892840?
4
What is the thousands digit of 83032071?
2
What is the thousands digit of 54959611?
9
What is the tens digit of 2689581?
8
What is the tens digit of 361758869?
6
What is the ten thousands digit of 838762496?
6
What is the ten millions digit of 37089428?
3
What is the units digit of 42814382?
2
What is the tens digit of 110299636?
3
What is the hundred thousands digit of 187651046?
6
What is the billions digit of 1908468942?
1
What is the ten thousands digit of 2248136944?
3
What is the ten millions digit of 502724407?
0
What is the ten thousands digit of 403351757?
5
What is the hundred millions digit of 126322244?
1
What is the hundreds digit of 1344253645?
6
What is the millions digit of 11262515?
1
What is the millions digit of 2454103462?
4
What is the units digit of 37920800?
0
What is the hundred millions digit of 2511675201?
5
What is the ten thousands digit of 6142621474?
2
What is the tens digit of 199249095?
9
What is the hundred thousands digit of 41474657?
4
What is the hundreds digit of 212109918?
9
What is the hundreds digit of 352363722?
7
What is the ten millions digit of 121191333?
2
What is the units digit of 591677195?
5
What is the billions digit of 1833081543?
1
What is the hundred millions digit of 4059627354?
0
What is the ten thousands digit of 356638067?
3
What is the hundred thousands digit of 1963544157?
5
What is the tens digit of 6933551024?
2
What is the hundreds digit of 134529622?
6
What is the tens digit of 340180132?
3
What is the millions digit of 20970490?
0
What is the units digit of 189779249?
9
What is the units digit of 2127375342?
2
What is the hundred millions digit of 311082556?
3
What is the millions digit of 2977696533?
7
What is the billions digit of 2589485552?
2
What is the units digit of 49990599?
9
What is the billions digit of 1248844723?
1
What is the tens digit of 645128684?
8
What is the units digit of 246267912?
2
What is the ten thousands digit of 1856772583?
7
What is the hundred millions digit of 328843534?
3
What is the hundred thousands digit of 205080604?
0
What is the tens digit of 3566614437?
3
What is the units digit of 716897055?
5
What is the ten thousands digit of 3571148610?
4
What is the billions digit of 2784842197?
2
What is the tens digit of 391561666?
6
What is the hundred millions digit of 2877656542?
8
What is the millions digit of 126598398?
6
What is the ten millions digit of 60003889?
6
What is the tens digit of 130384040?
4
What is the ten thousands digit of 73854271?
5
What is the ten thousands digit of 333062586?
6
What is the tens digit of 1878878266?
6
What is the hundreds digit of 143232670?
6
What is the tens digit of 21166196?
9
What is the hundred thousands digit of 211874242?
8
What is the ten millions digit of 1623523995?
2
What is the hundreds digit of 91696451?
4
What is the hundreds digit of 74203610?
6
What is the thousands digit of 73341936?
1
What is the hundred thousands digit of 6460147320?
1
What is the hundred thousands digit of 67401186?
4
What is the hundred millions digit of 427602335?
4
What is the hundred millions digit of 1438692976?
4
What is the tens digit of 11720881?
8
What is the hundred millions digit of 2177450831?
1
What is the thousands digit of 243835038?
5
What is the units digit of 2033020125?
5
What is the hundreds digit of 6605377414?
4
What is the thousands digit of 26611967?
1
What is the tens digit of 2204271266?
6
What is the hundred millions digit of 7546804769?
5
What is the millions digit of 231780252?
1
What is the ten millions digit of 3939278048?
3
What is the tens digit of 2420354800?
0
What is the ten thousands digit of 101739342?
3
What is the thousands digit of 671657273?
7
What is the hundred thousands digit of 5881697118?
6
What is the tens digit of 196796773?
7
What is the hundreds digit of 39015647?
6
What is the tens digit of 1008219790?
9
What is the ten millions digit of 732980732?
3
What is the hundreds digit of 116672992?
9
What is the thousands digit of 335891769?
1
What is the thousands digit of 52500631?
0
What is the hundreds digit of 294600984?
9
What is the millions digit of 122141742?
2
What is the hundred thousands digit of 68684919?
6
What is the millions digit of 46073790?
6
What is the hundreds digit of 4194877905?
9
What is the thousands digit of 145707184?
7
What is the thousands digit of 50408527?
8
What is the hundred millions digit of 130983968?
1
What is the thousands digit of 28044559?
4
What is the tens digit of 11985695?
9
What is the hundred thousands digit of 5196157649?
1
What is the hundreds digit of 11585512?
5
What is the tens digit of 2756050668?
6
What is the millions digit of 599508941?
9
What is the billions digit of 4537326354?
4
What is the tens digit of 680956328?
2
What is the hundred thousands digit of 56448783?
4
What is the ten thousands digit of 339338977?
3
What is the hundreds digit of 345924073?
0
What is the units digit of 172162488?
8
What is the hundred thousands digit of 1473229611?
2
What is the ten millions digit of 94730152?
9
What is the hundred thousands digit of 24669752?
6
What is the hundreds digit of 53625401?
4
What is the millions digit of 5573340?
5
What is the tens digit of 42598614?
1
What is the hundred millions digit of 4517525713?
5
What is the hundred millions digit of 1254279149?
2
What is the billions digit of 2084941681?
2
What is the millions digit of 110867631?
0
What is the millions digit of 2567743413?
7
What is the hundred thousands digit of 2383595296?
5
What is the hundred millions digit of 236232343?
2
What is the ten millions digit of 73370658?
7
What is the tens digit of 2225933823?
2
What is the thousands digit of 113483219?
3
What is the hundreds digit of 48759374?
3
What is the hundred millions digit of 106040040?
1
What is the ten millions digit of 115244070?
1
What is the ten millions digit of 1871647147?
7
What is the hundred thousands digit of 380858694?
8
What is the tens digit of 829710955?
5
What is the millions digit of 28005133?
8
What is the tens digit of 1482049010?
1
What is the hundreds digit of 421010461?
4
What is the ten thousands digit of 495028125?
2
What is the thousands digit of 1335241555?
1
What is the tens digit of 341753208?
0
What is the tens digit of 4562072617?
1
What is the millions digit of 37064351?
7
What is the hundred thousands digit of 2444139?
4
What is the hundreds digit of 55031655?
6
What is the units digit of 95006006?
6
What is the hundred thousands digit of 74260912?
2
What is the millions digit of 3548608796?
8
What is the tens digit of 501364432?
3
What is the hundred millions